{"id":1082,"date":"2023-07-31T13:50:41","date_gmt":"2023-07-31T11:50:41","guid":{"rendered":"https:\/\/montivilliers-mhad.fr\/?page_id=1082"},"modified":"2023-07-31T13:50:51","modified_gmt":"2023-07-31T11:50:51","slug":"politique-des-cookies","status":"publish","type":"page","link":"https:\/\/montivilliers-mhad.fr\/?page_id=1082","title":{"rendered":"Politique des cookies"},"content":{"rendered":"<p>[et_pb_section fb_built=\u00a0\u00bb1&Prime; theme_builder_area=\u00a0\u00bbpost_content\u00a0\u00bb _builder_version=\u00a0\u00bb4.21.0&Prime; _module_preset=\u00a0\u00bbdefault\u00a0\u00bb][et_pb_row _builder_version=\u00a0\u00bb4.21.0&Prime; _module_preset=\u00a0\u00bbdefault\u00a0\u00bb theme_builder_area=\u00a0\u00bbpost_content\u00a0\u00bb][et_pb_column _builder_version=\u00a0\u00bb4.21.0&Prime; _module_preset=\u00a0\u00bbdefault\u00a0\u00bb type=\u00a0\u00bb4_4&Prime; theme_builder_area=\u00a0\u00bbpost_content\u00a0\u00bb][et_pb_text _builder_version=\u00a0\u00bb4.21.0&Prime; _module_preset=\u00a0\u00bbdefault\u00a0\u00bb theme_builder_area=\u00a0\u00bbpost_content\u00a0\u00bb hover_enabled=\u00a0\u00bb0&Prime; sticky_enabled=\u00a0\u00bb0&Prime;]<\/p>\n<div class=\"flex-1 overflow-hidden\">\n<div class=\"react-scroll-to-bottom--css-hgmsv-79elbk h-full dark:bg-gray-800\">\n<div class=\"react-scroll-to-bottom--css-hgmsv-1n7m0yu\">\n<div class=\"flex flex-col text-sm dark:bg-gray-800\">\n<div class=\"group w-full text-gray-800 dark:text-gray-100 border-b border-black\/10 dark:border-gray-900\/50 bg-gray-50 dark:bg-[#444654]\">\n<div class=\"flex p-4 gap-4 text-base md:gap-6 md:max-w-2xl lg:max-w-[38rem] xl:max-w-3xl md:py-6 lg:px-0 m-auto\">\n<div class=\"relative flex w-[calc(100%-50px)] flex-col gap-1 md:gap-3 lg:w-[calc(100%-115px)]\">\n<div class=\"flex flex-grow flex-col gap-3\">\n<div class=\"min-h-[20px] flex items-start overflow-x-auto whitespace-pre-wrap break-words flex-col gap-4\">\n<div class=\"markdown prose w-full break-words dark:prose-invert light\"><strong style=\"font-size: 14px;\">Politique des cookies<\/strong><\/p>\n<p>Notre Site utilise des cookies pour am\u00e9liorer votre exp\u00e9rience utilisateur. En utilisant notre Site, vous consentez \u00e0 l&rsquo;utilisation de cookies conform\u00e9ment \u00e0 cette politique.<\/p>\n<p><strong>Qu&rsquo;est-ce que les cookies ?<\/strong><\/p>\n<p>Les cookies sont de petits fichiers texte plac\u00e9s sur votre ordinateur par les sites web que vous visitez. Ils sont largement utilis\u00e9s pour permettre aux sites web de fonctionner de mani\u00e8re efficace, ainsi que pour fournir des informations aux propri\u00e9taires du site.<\/p>\n<p><strong>Comment nous utilisons les cookies :<\/strong><\/p>\n<p>Nous utilisons des cookies pour diverses raisons, notamment pour :<\/p>\n<ul>\n<li>M\u00e9moriser vos pr\u00e9f\u00e9rences et param\u00e8tres.<\/li>\n<li>Vous identifier lorsque vous revenez sur notre Site.<\/li>\n<li>Analyser l&rsquo;utilisation de notre Site et recueillir des donn\u00e9es statistiques.<\/li>\n<li>Am\u00e9liorer la s\u00e9curit\u00e9 de notre Site.<\/li>\n<\/ul>\n<p><strong>Types de cookies que nous utilisons :<\/strong><\/p>\n<ol>\n<li>\n<p>Cookies essentiels : Ces cookies sont n\u00e9cessaires au bon fonctionnement du Site et vous permettent d&rsquo;acc\u00e9der \u00e0 certaines fonctionnalit\u00e9s, telles que la navigation dans les pages s\u00e9curis\u00e9es.<\/p>\n<\/li>\n<li>\n<p>Cookies de performance : Ces cookies recueillent des informations sur la mani\u00e8re dont les visiteurs utilisent notre Site, par exemple les pages qu&rsquo;ils consultent le plus souvent et s&rsquo;ils re\u00e7oivent des messages d&rsquo;erreur. Ces cookies ne collectent aucune information permettant d&rsquo;identifier personnellement les visiteurs. Les informations collect\u00e9es sont agr\u00e9g\u00e9es et anonymes.<\/p>\n<\/li>\n<li>\n<p>Cookies de fonctionnalit\u00e9 : Ces cookies permettent \u00e0 notre Site de se souvenir des choix que vous avez faits (comme votre nom d&rsquo;utilisateur, votre langue ou votre r\u00e9gion) et de fournir des fonctionnalit\u00e9s am\u00e9lior\u00e9es et plus personnalis\u00e9es.<\/p>\n<\/li>\n<li>\n<p>Cookies de ciblage : Ces cookies sont utilis\u00e9s pour diffuser des publicit\u00e9s plus pertinentes pour vous et vos int\u00e9r\u00eats. Ils sont \u00e9galement utilis\u00e9s pour limiter le nombre de fois que vous voyez une publicit\u00e9 et pour mesurer l&rsquo;efficacit\u00e9 des campagnes publicitaires.<\/p>\n<\/li>\n<\/ol>\n<p><strong>Gestion des cookies :<\/strong><\/p>\n<p>Vous pouvez g\u00e9rer vos pr\u00e9f\u00e9rences en mati\u00e8re de cookies en modifiant les param\u00e8tres de votre navigateur. Veuillez noter que le blocage des cookies peut affecter certaines fonctionnalit\u00e9s de notre Site.<\/p>\n<p><strong>Modification de cette politique des cookies :<\/strong><\/p>\n<p>Nous pouvons mettre \u00e0 jour cette politique des cookies de temps \u00e0 autre. Toute modification sera publi\u00e9e sur cette page.<\/p>\n<p><strong>Contactez-nous :<\/strong><\/p>\n<p>Si vous avez des questions concernant cette politique des cookies, veuillez nous contacter \u00e0 <a href=\"mailto:asso.mhad@laposte.fr\" title=\"asso.mhad@laposte.fr\"><b>asso.mhad@laposte.net<\/b><\/a><\/p>\n<p>.\u00a0<\/p>\n<\/div>\n<\/div>\n<\/div>\n<\/div>\n<\/div>\n<\/div>\n<\/div>\n<\/div>\n<\/div>\n<\/div>\n<p>[\/et_pb_text][\/et_pb_column][\/et_pb_row][\/et_pb_section]<\/p>\n","protected":false},"excerpt":{"rendered":"<p>Politique des cookies Notre Site utilise des cookies pour am\u00e9liorer votre exp\u00e9rience utilisateur. En utilisant notre Site, vous consentez \u00e0 l&rsquo;utilisation de cookies conform\u00e9ment \u00e0 cette politique. Qu&rsquo;est-ce que les [&hellip;]<\/p>\n","protected":false},"author":3,"featured_media":0,"parent":0,"menu_order":0,"comment_status":"closed","ping_status":"closed","template":"","meta":{"_et_pb_use_builder":"on","_et_pb_old_content":"","_et_gb_content_width":""},"_links":{"self":[{"href":"https:\/\/montivilliers-mhad.fr\/index.php?rest_route=\/wp\/v2\/pages\/1082"}],"collection":[{"href":"https:\/\/montivilliers-mhad.fr\/index.php?rest_route=\/wp\/v2\/pages"}],"about":[{"href":"https:\/\/montivilliers-mhad.fr\/index.php?rest_route=\/wp\/v2\/types\/page"}],"author":[{"embeddable":true,"href":"https:\/\/montivilliers-mhad.fr\/index.php?rest_route=\/wp\/v2\/users\/3"}],"replies":[{"embeddable":true,"href":"https:\/\/montivilliers-mhad.fr\/index.php?rest_route=%2Fwp%2Fv2%2Fcomments&post=1082"}],"version-history":[{"count":3,"href":"https:\/\/montivilliers-mhad.fr\/index.php?rest_route=\/wp\/v2\/pages\/1082\/revisions"}],"predecessor-version":[{"id":1086,"href":"https:\/\/montivilliers-mhad.fr\/index.php?rest_route=\/wp\/v2\/pages\/1082\/revisions\/1086"}],"wp:attachment":[{"href":"https:\/\/montivilliers-mhad.fr\/index.php?rest_route=%2Fwp%2Fv2%2Fmedia&parent=1082"}],"curies":[{"name":"wp","href":"https:\/\/api.w.org\/{rel}","templated":true}]}}